479 prime?
True
Is 2404292207 composite?
False
Is 24410430887 prime?
False
Is 9037214041 prime?
True
Is 39790840487 a prime number?
True
Is 1995289633 prime?
True
Is 2058657233 a composite number?
True
Is 14007369253 a composite number?
True
Is 13121438849 prime?
True
Is 27771649447 a prime number?
True
Is 7528701521 prime?
False
Is 1213962679 prime?
False
Is 26883523 composite?
True
Is 133620144391 composite?
False
Is 4895213743 composite?
True
Is 337900987 a composite number?
False
Is 7589480929 prime?
True
Is 19564725863 a composite number?
True
Is 2297234567 a prime number?
True
Is 2146426673 composite?
True
Is 7644618455 a prime number?
False
Is 7953097499 a composite number?
False
Is 27894617791 composite?
False
Is 709844405 prime?
False
Is 939815641 a prime number?
False
Is 1057726609 composite?
True
Is 4560303661 composite?
False
Is 18921032213 a prime number?
False
Is 99433211 a prime number?
False
Is 27393052649 prime?
True
Is 1164059167 a prime number?
False
Is 3853170313 a prime number?
False
Is 335637431 composite?
False
Is 1447763 composite?
True
Is 31432369 composite?
True
Is 22918126261 a prime number?
False
Is 3764036741 prime?
True
Is 261519944791 a prime number?
False
Is 2352575087 composite?
True
Is 7845078847 a composite number?
True
Is 91960751 a composite number?
False
Is 5469208097 prime?
True
Is 13382164297 prime?
True
Is 2707296769 a composite number?
True
Is 3697127477 a composite number?
False
Is 604291757 a prime number?
True
Is 2190214421 a composite number?
False
Is 1352934967 a prime number?
True
Is 3174506017 prime?
True
Is 926108783 a prime number?
True
Is 141378169 composite?
False
Is 747040121 a composite number?
True
Is 1758932579 composite?
False
Is 20074693739 a prime number?
True
Is 34967837 a prime number?
False
Is 3143448713 a prime number?
True
Is 24015261751 composite?
True
Is 6813307421 a composite number?
True
Is 8592401 a prime number?
True
Is 206776927765 composite?
True
Is 1945277237 prime?
False
Is 34352441003 a composite number?
False
Is 266416981019 a composite number?
True
Is 206536333 composite?
False
Is 6448139543 prime?
True
Is 160428270887 prime?
False
Is 191660797 a composite number?
True
Is 636683209 prime?
True
Is 1886310929 prime?
True
Is 1293677261 a prime number?
True
Is 2051521231 a prime number?
False
Is 33648029071 composite?
True
Is 4975451479 a prime number?
False
Is 6223588138 prime?
False
Is 627043783 a composite number?
True
Is 4656122621 prime?
True
Is 2160303383 prime?
False
Is 2090079703 prime?
True
Is 3147420691 a prime number?
True
Is 4080691729 prime?
False
Is 18152514689 a prime number?
True
Is 150032521 a composite number?
True
Is 7840985473 prime?
True
Is 9317081497 a prime number?
True
Is 1407449 composite?
False
Is 17275119439 prime?
False
Is 28309751329 a composite number?
True
Is 4868866247 a composite number?
True
Is 2330516057 a composite number?
False
Is 131965275449 a composite number?
True
Is 1255267529 prime?
False
Is 31030871357 a composite number?
False
Is 25906175137 a prime number?
False
Is 1489185377 a composite number?
True
Is 8247029939 prime?
True
Is 17410209251 a prime number?
True
Is 5538897781 a composite number?
True
Is 50899268417 a prime number?
True
Is 756313057 prime?
False
Is 11081448029 prime?
True
Is 83670905273 composite?
False
Is 3536768594 a composite number?
True
Is 950095547 prime?
True
Is 27956855141 a composite number?
False
Is 3906267037 prime?
True
Is 73134877129 a composite number?
False
Is 114313961 prime?
False
Is 5982331397 a prime number?
False
Is 77928486785 prime?
False
Is 32479273 a composite number?
False
Is 342705607 a composite number?
True
Is 182952323 prime?
True
Is 118539859 prime?
False
Is 841042253 a composite number?
True
Is 94756689067 a composite number?
False
Is 15482944159 composite?
True
Is 392245349 a prime number?
False
Is 19271481881 a composite number?
False
Is 35665006831 composite?
False
Is 12602350883 a prime number?
False
Is 5708452027 composite?
True
Is 253956799 a composite number?
True
Is 67639267 a composite number?
True
Is 3113225207 a prime number?
True
Is 12874357 composite?
False
Is 519275371027 prime?
False
Is 386779227 a composite number?
True
Is 862255103 a composite number?
True
Is 3695177173 composite?
False
Is 1676771393 a prime number?
False
Is 6370082777 prime?
False
Is 1742298031 a composite number?
False
Is 15611814137 a prime number?
False
Is 164297813 a composite number?
False
Is 1101494803 a composite number?
True
Is 104551118539 a composite number?
True
Is 20790233 prime?
True
Is 149119637 prime?
False
Is 151262803 a composite number?
False
Is 1013366267 prime?
False
Is 436412269 composite?
False
Is 2257616759 prime?
True
Is 812318629 composite?
False
Is 1447520806 a prime number?
False
Is 1945134769 prime?
True
Is 15380156503 prime?
False
Is 35987143111 a composite number?
False
Is 2199846347 prime?
True
Is 20000362295 a composite number?
True
Is 99942713587 a prime number?
True
Is 292940647 a composite number?
False
Is 24832244081 prime?
False
Is 10588437753 prime?
False
Is 2078771447 composite?
False
Is 80986611379 composite?
False
Is 78865977643 prime?
True
Is 471383243 a prime number?
False
Is 606817481 prime?
False
Is 164166007 a prime number?
False
Is 1873612337 a prime number?
True
Is 597045238 a prime number?
False
Is 3374604061 composite?
True
Is 32824086689 prime?
True
Is 418963801 composite?
False
Is 77222857 prime?
False
Is 132504623 a composite number?
True
Is 282928057 composite?
False
Is 544363121 composite?
False
Is 522753097 prime?
False
Is 10107659429 prime?
False
Is 232819141 composite?
True
Is 336664103 a prime number?
False
Is 810017399 composite?
False
Is 3130038211 a prime number?
False
Is 190159639 a composite number?
True
Is 99278613271 a composite number?
False
Is 1493551879 prime?
False
Is 1370265187 composite?
True
Is 22769865257 prime?
True
Is 2213757453 composite?
True
Is 1579918099 prime?
False
Is 878234053 a composite number?
False
Is 18440607127 a composite number?
True
Is 1342913161 prime?
True
Is 110641231 a composite number?
False
Is 12340359673 prime?
False
Is 8202899 a composite number?
True
Is 132002833 a prime number?
True
Is 25279119231 a composite number?
True
Is 32470177 a prime number?
True
Is 579538441 a prime number?
True
Is 3694698707 a prime number?
False
Is 271115155639 prime?
False
Is 441665443 a prime number?
True
Is 9669303751 a composite number?
True
Is 3403956821 a composite number?
True
Is 15750758005 composite?
True
Is 9569644897 prime?
True
Is 3476301242 prime?
False
Is 1252043447 prime?
False
Is 30408930611 a composite number?
True
Is 2456386379 prime?
False
Is 12969325669 prime?
False
Is 4468990313 prime?
False
Is 603136813 a prime number?
False
Is 11984877539 a composite number?
False
Is 5021993957 prime?
False
Is 2492047097 prime?
False
Is 586369477 composite?
False
Is 1415383259 a composite number?
True
Is 894655343 prime?
False
Is 2812075313 composite?
True
Is 813439541 a prime number?
True
Is 4364331431 composite?
False
Is 13064838503 composite?
False
Is 198449443 a composite number?
True
Is 645554813 prime?
False
Is 590508157 a composite number?
True
Is 532494761 a composite number?
True
Is 2579360227 prime?
False
Is 6540924261 prime?
False
Is 32921219 a prime number?
True
Is 880562807 prime?
True
Is 14565957823 a composite number?
False
Is 1801132571 composite?
True
Is 34956901519 a prime number?
True
Is 411828661 a composite number?
True
Is 628474109 a prime number?
False
Is 66204270709 a prime number?
True
Is 781275598 prime?
False
Is 27167272739 prime?
False
Is 2587343741 a composite number?
False
Is 159766861 a prime number?
False
Is 937753577 prime?
False
Is 1256036323 a composite number?
False
Is 41736627353 a prime number?
True
Is 5636045939 prime?
True
Is 6048298495 a composite number?
True
Is 47963793473 composite?
False
Is 968059697 composite?
True
Is 6161239087 a composite number?
False
Is 126810391 prime?
False
Is 128197383403 prime?
True
Is 1992887357 a prime number?
True
Is 1322368373 composite?
False
Is 2668652443 prime?
True
Is 4896639731 composite?
False
Is 556941746 prime?
False
Is 371824217 a composite number?
False
Is 95763918567 a composite number?
True
Is 15036555055 a prime number?
F